e hundreds digit of h?
6
Let j = 13198 - 8870. What is the hundreds digit of j?
3
Let s = -133 + 31. Let a = s + 332. What is the units digit of a?
0
Let h = -79 + 16. Let u = 171 + -333. Let c = h - u. What is the units digit of c?
9
Let w be (1 - -312) + (-32 - -28). What is the hundreds digit of (-22 - -2)/(-1 - (-303)/w)?
0
Let z = 5361 - 2055. Suppose 8*r - 1390 = z. What is the units digit of r?
7
What is the thousands digit of 2792097/1089 + (-24)/(-22)?
2
Suppose 195853 = 98*y - 134505. What is the hundreds digit of y?
3
What is the units digit of (5 + 0 + 8/(-12))*3207?
7
Let z be 3/(2242/(-449) - -5) - 0. Let s = z + 592. What is the thousands digit of s?
1
Let u = -111 - -123. What is the hundreds digit of (-3)/2*32/u + 215?
2
Let v be -458*(44/16 - 3)*-10. Let s = 1878 + v. What is the tens digit of s?
3
Let s = 1730 + -2942. What is the hundreds digit of (s/9)/(5 - 16/3)?
4
Let n(v) = -3*v**3 - 64*v**2 - 519*v - 45. What is the hundreds digit of n(-33)?
1
Let u = -18 + 25. Let h be (-2250)/(-14) + -5 + 37/u. What is the units digit of -1*(2 + 1) - -1*h?
8
Let k(t) = 8*t**2 - 23*t + 17. Let h = 101 + -94. What is the units digit of k(h)?
8
Suppose 2*x + 12 = 0, z + 1478 - 11064 = 4*x. What is the thousands digit of z?
9
Let t = 36995 - 20878. What is the units digit of t?
7
Let u be ((-165)/(-10) + 0)*2. Suppose 0 = -2*l + 5*q + u, 5*l - 25 = 2*q + 26. What is the hundreds digit of l*((-48)/(-4) - -1)?
1
What is the ten thousands digit of (1584/27)/8*2478?
1
Let i(r) = -18*r + 12 - 18 + 62*r. What is the units digit of i(4)?
0
Suppose -36*o + 106327 = -31*o - 3*x, 0 = 3*o - x - 63797. What is the units digit of o?
6
Let z(s) = 7 - 1 - 4 + 58*s**2 - 1. Let b(c) = 4*c + 63. Let j be b(-16). What is the tens digit of z(j)?
5
What is the units digit of ((-63)/(-54)*1434)/(-1 - 60/(-57))?
7
Suppose -3*z - n = -159, 7*z + 5*n = 8*z - 69. What is the tens digit of ((-2922)/(-15))/((z/30)/9)?
7
Let b(x) = x**3 + 8*x**2 - 5*x + 8127. What is the thousands digit of b(0)?
8
Suppose -5*y = -z - z + 4, -2*y - 5*z = -10. Let h be 6*2*((-4)/(-12) - y). Suppose 0 = -h*j - 4*j + 344. What is the tens digit of j?
4
Suppose 58686132 = 616*j - 28441677 + 27552601. What is the hundreds digit of j?
7
Let z be 2/(-36)*4 - (-685)/45. Let r be 32/10 + 12/z. Suppose 6*j = r*j + 468. What is the units digit of j?
4
Suppose 0 = -m + 3. Suppose 0 = m*w + 12, -v - 7*w + 3*w - 10 = 0. What is the units digit of (1 - v)*(-19 + 18)?
5
Suppose 2*h - 103 - 81 = 0. Suppose -z + 6*q + 25 = 4*q, -4*z = -4*q - h. Suppose z*i = 17*i + 92. What is the units digit of i?
3
Suppose -168 + 148 = 10*q. What is the hundreds digit of q/(1/2 + (-354)/696)?
2
Suppose 194158 + 52316 = 18*y. What is the ten thousands digit of y?
1
Let l(v) = -5753*v - 296. What is the hundreds digit of l(-1)?
4
Let x(l) = 38*l**3 - 81*l**2 + 412*l + 4. What is the thousands digit of x(5)?
4
Let m(p) = 427*p - 26. Let b be m(3). Let v = b + -591. What is the hundreds digit of v?
6
Suppose -5*c = -c. Suppose -4*v + 30 = 5*y, -4*v - 7*y + 3*y = -28. Suppose 2*k = 3*p - 5*p + 188, -5*k + v*p + 460 = c. What is the tens digit of k?
9
Suppose 17*t + 3*t - 8760 = 0. Suppose u - 578 = -t. What is the units digit of u?
0
Suppose 2 = -k - 4*p + 24, k - p = 2. Let j(u) = 2*u**2 + 5*u - 2. What is the units digit of j(k)?
0
Let k = -55 + 125. Let x(l) = l**3 + 20*l**2 - 44*l + 17. Let n be x(-22). Let r = k - n. What is the tens digit of r?
5
Let n(h) = h**3 + 8*h**2 - 9*h + 8. Let m be n(-9). What is the hundreds digit of -2*(-426)/m*2?
2
Suppose 0 = 9*q + q + 6210. Let v = 162 - q. What is the hundreds digit of v?
7
Let k = -42 - -47. Suppose 1558 - 3923 = -k*c. Let q = c - 313. What is the tens digit of q?
6
Suppose k + 14 - 55 = 0. Suppose 0 = y - 4*h - h - 58, -y = -4*h - 57. Let z = k + y. What is the units digit of z?
4
Let n = 76722 + -26960. What is the hundreds digit of n?
7
Let a = -93 + 73. Let b = 20 + a. Suppose 4*f - 12 = b, -o + 0*o = -f - 200. What is the tens digit of o?
0
Suppose -1777 - 31373 = -16*m + m. What is the hundreds digit of m?
2
Suppose m - 33*m = 59*m - 700336. What is the units digit of m?
6
Let f = 151190 + -93531. What is the tens digit of f?
5
Let d = 8355 + -5812. What is the units digit of d?
3
Let g be 9/(-6)*(23996/(-21))/2. Let j = -401 + g. What is the tens digit of j?
5
Let w(y) = -85*y - 4. Let b be w(-9). Suppose -b = -8*r + 455. Suppose -2*v + 4*i = -r, -4*v = -2*v - 5*i - 151. What is the units digit of v?
8
Let n be 17910/(-14) + 26/91. Let w = n + 2182. What is the tens digit of w?
0
Let p(c) = -7*c**3 - 2*c**2 + 12*c + 3. Let j be (48/18)/((-4)/6). What is the units digit of p(j)?
1
Suppose 2*q = -t - 2*t - 4, 5*q = 3*t + 32. Suppose -5*p = r, -q*r + 27 = -p - 15. Suppose -14*l + r*l = -236. What is the units digit of l?
9
Suppose -17*c + 1411098 = 22*c - 13*c. What is the ten thousands digit of c?
5
Suppose -4913 - 4933 = -9*x. Let t = x - -830. What is the units digit of t?
4
Let b = -239 + 229. What is the tens digit of b/15 + 2 + (-290)/(-3)?
9
Let r(q) = 1056*q + 1013. What is the ten thousands digit of r(18)?
2
Let x be -3*(-5)/(105/(-266)). Let f(n) = 2*n**2 + 53*n - 103. What is the hundreds digit of f(x)?
7
Let a = 7 + -7. Suppose 4*l - 2*q - 8 = a, 0*l - l - 1 = -2*q. Suppose 0 = -2*r - l*r + 310. What is the tens digit of r?
6
Let x = -11046 + 18689. What is the units digit of x?
3
Let z(g) = g**2 + 42*g + 1409. What is the tens digit of z(62)?
5
Let k be (-6)/(-48)*12*(0 - 70). Let r = -99 - k. What is the tens digit of (r/(-4))/(15/(-1660)*1)?
6
Suppose -3*j + 5*l + 48404 = -196061, 3*j + 2*l - 244409 = 0. What is the units digit of j?
5
Let y(q) = 39*q**2 - q - 2. Let l be y(-2). Let w = -80 + l. Suppose i - 70 = j, 0 = 8*i - 7*i - 4*j - w. What is the units digit of i?
8
Suppose -78104 = -108*y + 98*y + 233396. What is the thousands digit of y?
1
What is the tens digit of 4*((-12070)/(-20) - 13)?
6
Suppose 2209 = -47*h + 100251. What is the tens digit of h?
8
Suppose 6*x - 4*x + 80 = 5*p, -2*x - p = 68. Let d = x + 179. What is the tens digit of d?
4
Suppose 5 = 9*w + 23. Let c be (-20)/(-12) + w/(-6) + -11. Let i = 30 + c. What is the tens digit of i?
2
Suppose 160*l - 247808 = 175392. What is the units digit of l?
5
Suppose 4*r = -10*j + 75020, -10535 = -3*j - 3*r + 11980. What is the hundreds digit of j?
5
Suppose -p = 2*g - 372 - 301, 0 = 2*p - 2*g - 1322. Let s = -134 + p. Suppose -s - 357 = -6*a. What is the tens digit of a?
4
Let w(q) = 2*q**2 - q + 207. Let d be w(0). Suppose 4*v - 461 = d. Let h = v - 112. What is the tens digit of h?
5
Let u(c) = -9200*c - 46*c**2 - 18 - 7*c**3 + 9180*c + 2*c**3 - 3. What is the units digit of u(-9)?
8
Suppose -4*g + 744 + 344 = 0. Let i = 356 + g. What is the units digit of i?
8
Let n be 8/(-32) + -25*2/(-8). Suppose -8*f + n*f = -24. Suppose -f*k + 8 = -11*k. What is the units digit of k?
8
Let z(x) = -2*x**3 - x**2 - 3*x + 1. Suppose 5*s = -5*p + 15, -3*s - 6 = -0*p - 2*p. Suppose n = s, -2*n = -3*v + 3*n - 6. What is the units digit of z(v)?
9
Let p(n) = -n**2 + 6*n + 3. Let t be p(7). Let w be (3 - 2 - t) + -2. What is the units digit of w + (-22)/8 + 1353/12?
3
Suppose -1776 = 3*l - 5*y - 10551, 3*y + 5848 = 2*l. What is the units digit of l?
5
Suppose -54*t - 34299 - 37295 + 629198 = 0. What is the units digit of t?
6
Suppose 2*j - 18 + 71 = 5*n, -j = -5*n + 49. Let k(f) = 8*f**3 - 2*f**2 + 0*f**2 - 3 - f**2 + n*f - 6*f**3. What is the units digit of k(4)?
3
Suppose -24*f = -27*f - 3*u + 197922, 6 = -u. What is the thousands digit of f?
5
Let d(v) be the third derivative of 0*v - 5/24*v**4 - 8*v**2 + 1/120*v**6 - 1/2*v**3 + 0 + 7/60*v**5. What is the tens digit of d(-3)?
4
Let c(b) = -21*b**3 - 17*b**2 - 105*b + 16. What is the tens digit of c(-9)?
9
Let z(l) = -7*l**2 + 2*l + 52. Let x(w) = -7*w**2 + 43. Let d(o) = -7*x(o) + 6*z(o). Suppose -3*b = p + 16 - 4, -3*b - 5*p = 0. What is the tens digit of d(b)?
2
Suppose -5*v = -57755 + 48085. What is the units digit of v?
4
Suppose 42 = 5*c - 2*c. Let j be ((-2)/4)/(7/c) - 13. What is the tens digit of ((-213)/12*2)/(7/j)?
7
Suppose -u = -3*s + 517, 0 = 4*s + u + 30 - 717. Suppose 496 = -20*n - 592 + 128. Let d = s + n. What is the tens digit of